46
Calculate the remainder when 3472 is divided by 3445.
27
What is the remainder when 297340 is divided by 313?
303
What is the remainder when 40605 is divided by 27?
24
What is the remainder when 30732 is divided by 15257?
218
What is the remainder when 6649 is divided by 561?
478
Calculate the remainder when 9241 is divided by 199.
87
What is the remainder when 6311 is divided by 574?
571
What is the remainder when 7570 is divided by 7493?
77
What is the remainder when 3876 is divided by 1827?
222
What is the remainder when 28251 is divided by 31?
10
What is the remainder when 40442 is divided by 50?
42
What is the remainder when 13503 is divided by 196?
175
What is the remainder when 5860 is divided by 585?
10
What is the remainder when 3532 is divided by 3525?
7
What is the remainder when 29829 is divided by 135?
129
What is the remainder when 5944738 is divided by 12?
10
What is the remainder when 298682 is divided by 22975?
7
Calculate the remainder when 66594 is divided by 7384.
138
What is the remainder when 22714 is divided by 5677?
6
What is the remainder when 32987 is divided by 10994?
5
What is the remainder when 2810 is divided by 719?
653
What is the remainder when 34074 is divided by 524?
14
Calculate the remainder when 35959 is divided by 91.
14
What is the remainder when 870995 is divided by 58066?
5
Calculate the remainder when 19494 is divided by 67.
64
Calculate the remainder when 927 is divided by 367.
193
Calculate the remainder when 1563072 is divided by 5.
2
What is the remainder when 287 is divided by 63?
35
What is the remainder when 1285 is divided by 449?
387
What is the remainder when 69006 is divided by 335?
331
Calculate the remainder when 77693 is divided by 150.
143
Calculate the remainder when 3113 is divided by 305.
63
Calculate the remainder when 126381 is divided by 2142.
3
What is the remainder when 7983 is divided by 341?
140
Calculate the remainder when 23975 is divided by 7985.
20
Calculate the remainder when 13375 is divided by 13342.
33
What is the remainder when 3004 is divided by 740?
44
What is the remainder when 2774 is divided by 34?
20
Calculate the remainder when 1165 is divided by 224.
45
Calculate the remainder when 814268 is divided by 32.
28
What is the remainder when 13359 is divided by 34?
31
Calculate the remainder when 811 is divided by 404.
3
Calculate the remainder when 1161 is divided by 1093.
68
What is the remainder when 13659 is divided by 118?
89
Calculate the remainder when 12935 is divided by 12760.
175
What is the remainder when 482502 is divided by 229?
228
Calculate the remainder when 13799 is divided by 277.
226
What is the remainder when 179485 is divided by 59821?
22
What is the remainder when 188281 is divided by 12550?
31
What is the remainder when 5036 is divided by 554?
50
What is the remainder when 17086 is divided by 518?
510
Calculate the remainder when 514213 is divided by 879.
877
Calculate the remainder when 930812 is divided by 230.
2
Calculate the remainder when 705430 is divided by 5003.
7
Calculate the remainder when 38957 is divided by 1147.
1106
Calculate the remainder when 28863 is divided by 14429.
5
Calculate the remainder when 59268 is divided by 9878.
0
Calculate the remainder when 104306 is divided by 285.
281
Calculate the remainder when 99013 is divided by 1737.
4
Calculate the remainder when 3368 is divided by 476.
36
Calculate the remainder when 7238 is divided by 6012.
1226
What is the remainder when 91953 is divided by 209?
202
Calculate the remainder when 2966 is divided by 330.
326
What is the remainder when 28411 is divided by 9462?
25
Calculate the remainder when 1278 is divided by 1079.
199
Calculate the remainder when 617339 is divided by 308665.
9
What is the remainder when 24271 is divided by 2912?
975
What is the remainder when 721 is divided by 229?
34
What is the remainder when 392940 is divided by 35721?
9
Calculate the remainder when 619 is divided by 100.
19
Calculate the remainder when 253632 is divided by 42.
36
What is the remainder when 216073 is divided by 47?
14
Calculate the remainder when 160879 is divided by 338.
329
Calculate the remainder when 41288 is divided by 763.
86
What is the remainder when 846586 is divided by 41?
18
What is the remainder when 91 is divided by 87?
4
Calculate the remainder when 34 is divided by 20.
14
What is the remainder when 2410 is divided by 787?
49
Calculate the remainder when 589 is divided by 145.
9
What is the remainder when 120315 is divided by 18?
3
What is the remainder when 816 is divided by 22?
2
Calculate the remainder when 2410191 is divided by 803396.
3
What is the remainder when 112241 is divided by 53?
40
What is the remainder when 23684 is divided by 2325?
434
Calculate the remainder when 51669 is divided by 17202.
63
Calculate the remainder when 42758 is divided by 152.
46
Calculate the remainder when 21078 is divided by 10363.
352
Calculate the remainder when 4409 is divided by 436.
49
What is the remainder when 127223 is divided by 30?
23
Calculate the remainder when 1075805 is divided by 16.
13
Calculate the remainder when 1026 is divided by 59.
23
What is the remainder when 747922 is divided by 647?
637
What is the remainder when 167483 is divided by 2358?
65
What is the remainder when 1544882 is divided by 938?
934
Calculate the remainder when 10095 is divided by 862.
613
Calculate the remainder when 73335 is divided by 524.
499
Calculate the remainder when 338077 is divided by 32.
29
What is the remainder when 4716 is divided by 25?
16
What is the remainder when 14284 is divided by 51?
4
Calculate the remainder when 16039 is divided by 2625.
289
Calculate the remainder when 4609 is divided by 98.
3
Calculate the remainder when 86439 is divided by 88.
23
Calculate the remainder when 28763 is divided by 411.
404
What is the remainder when 82759 is divided by 27520?
199
Calculate the remainder when 41786 is divided by 1009.
417
What is the remainder when 181334 is divided by 60440?
14
What is the remainder when 946 is divided by 434?
78
Calculate the remainder when 977 is divided by 78.
41
Calculate the remainder when 320111 is divided by 382.
377
Calculate the remainder when 102433 is divided by 1205.
8
What is the remainder when 572 is divided by 112?
12
What is the remainder when 397145 is divided by 397145?
0
Calculate the remainder when 3452 is divided by 1148.
8
Calculate the remainder when 668 is divided by 600.
68
What is the remainder when 400530 is divided by 10?
0
Calculate the remainder when 4036 is divided by 793.
71
Calculate the remainder when 460370 is divided by 51.
44
What is the remainder when 17861 is divided by 18?
5
Calculate the remainder when 105 is divided by 17.
3
Calculate the remainder when 228121 is divided by 119.
117
Calculate the remainder when 970815 is divided by 394.
393
What is the remainder when 23812 is divided by 2098?
734
What is the remainder when 275517 is divided by 410?
407
What is the remainder when 8421 is divided by 1656?
141
Calculate the remainder when 16049 is divided by 899.
766
Calculate the remainder when 155142 is divided by 102.
0
What is the remainder when 1148 is divided by 285?
8
Calculate the remainder when 20002 is divided by 83.
82
Calculate the remainder when 77037 is divided by 1014.
987
What is the remainder when 40762 is divided by 13542?
136
What is the remainder when 18503 is divided by 5875?
878
What is the remainder when 8548 is divided by 502?
14
Calculate the remainder when 25883 is divided by 35.
18
What is the remainder when 109567 is divided by 664?
7
What is the remainder when 1180 is divided by 357?
109
Calculate the remainder when 20360398 is divided by 16.
14
Calculate the remainder when 781 is divided by 43.
7
Calculate the remainder when 12464583 is divided by 18.
15
Calculate the remainder when 78 is divided by 4.
2
Calculate the remainder when 54490 is divided by 16.
10
What is the remainder when 105750 is divided by 121?
117
Calculate the remainder when 277880 is divided by 2925.
5
What is the remainder when 4084 is divided by 93?
85
Calculate the remainder when 151651 is divided by 75823.
5
What is the remainder when 6325 is divided by 79?
5
Calculate the remainder when 5580 is divid